se
Does 43 divide 860?
True
Is 34 a factor of 1987?
False
Is 11 a factor of 15143?
False
Is 6 a factor of 12932?
False
Is 2844 a multiple of 47?
False
Is 60 a factor of 720?
True
Is 68 a factor of 3280?
False
Does 28 divide 25956?
True
Is 24 a factor of 391?
False
Is 35 a factor of 4130?
True
Does 6 divide 1392?
True
Is 119 a multiple of 11?
False
Is 5 a factor of 16925?
True
Is 19886 a multiple of 212?
False
Is 6 a factor of 127?
False
Does 12 divide 1704?
True
Is 9860 a multiple of 29?
True
Is 12596 a multiple of 68?
False
Is 29 a factor of 3973?
True
Is 715 a multiple of 55?
True
Is 2187 a multiple of 79?
False
Does 180 divide 9398?
False
Is 209 a multiple of 40?
False
Does 22 divide 439?
False
Does 7 divide 348?
False
Does 20 divide 597?
False
Is 13 a factor of 1960?
False
Is 39 a factor of 1928?
False
Is 5 a factor of 2060?
True
Is 102 a factor of 1403?
False
Is 135 a factor of 33277?
False
Is 5760 a multiple of 60?
True
Is 12 a factor of 27432?
True
Is 16 a factor of 531?
False
Is 4810 a multiple of 26?
True
Does 62 divide 8014?
False
Is 4587 a multiple of 33?
True
Is 93 a factor of 76478?
False
Is 141 a factor of 12267?
True
Is 318 a multiple of 6?
True
Does 70 divide 4550?
True
Is 2107 a multiple of 23?
False
Is 692 a multiple of 35?
False
Is 15443 a multiple of 19?
False
Does 19 divide 2374?
False
Does 37 divide 3367?
True
Is 10584 a multiple of 27?
True
Is 722 a multiple of 38?
True
Is 17 a factor of 2629?
False
Is 2184 a multiple of 8?
True
Is 39 a factor of 351?
True
Does 112 divide 64848?
True
Is 637 a multiple of 49?
True
Is 63 a factor of 16779?
False
Is 2 a factor of 53?
False
Is 278 even?
True
Does 23 divide 483?
True
Does 12 divide 9324?
True
Does 68 divide 47464?
True
Is 907 a multiple of 6?
False
Does 4 divide 35?
False
Does 65 divide 7779?
False
Is 151 a factor of 100204?
False
Is 1309 a multiple of 17?
True
Is 61712 a multiple of 56?
True
Is 29625 a multiple of 75?
True
Is 3 a factor of 3087?
True
Does 123 divide 900?
False
Is 3889 a multiple of 15?
False
Does 13 divide 3000?
False
Is 18 a factor of 234?
True
Does 44 divide 759?
False
Is 1711 a multiple of 12?
False
Is 44 a factor of 71753?
False
Is 29 a factor of 1029?
False
Is 29 a factor of 4980?
False
Is 110 a factor of 440?
True
Does 20 divide 1504?
False
Does 35 divide 1105?
False
Does 21 divide 6006?
True
Does 140 divide 28438?
False
Does 4 divide 54058?
False
Is 227 a multiple of 5?
False
Is 11 a factor of 789?
False
Does 21 divide 1575?
True
Does 15 divide 82399?
False
Does 53 divide 1325?
True
Does 3 divide 649?
False
Is 32 a factor of 243?
False
Is 274 a multiple of 18?
False
Is 663 a multiple of 39?
True
Is 336 a multiple of 16?
True
Is 488 a multiple of 14?
False
Does 5 divide 11985?
True
Is 17 a factor of 19153?
False
Is 59 a multiple of 25?
False
Does 186 divide 41292?
True
Is 7400 a multiple of 20?
True
Is 14 a factor of 37477?
False
Is 10 a factor of 8530?
True
Is 49 a factor of 2352?
True
Is 25 a factor of 7450?
True
Is 2480 a multiple of 5?
True
Does 25 divide 771?
False
Is 15183 a multiple of 51?
False
Is 13 a factor of 2769?
True
Is 1986 a multiple of 21?
False
Is 229 a multiple of 14?
False
Is 7 a factor of 105?
True
Is 27 a factor of 2027?
False
Does 49 divide 10194?
False
Does 4 divide 750?
False
Is 34068 a multiple of 12?
True
Is 837 a multiple of 93?
True
Does 254 divide 2661?
False
Does 8 divide 784?
True
Does 5 divide 10064?
False
Is 186 a multiple of 9?
False
Is 5 a factor of 371?
False
Is 6666 a multiple of 33?
True
Does 16 divide 3040?
True
Does 129 divide 4370?
False
Does 10 divide 350?
True
Does 3 divide 134?
False
Does 10 divide 7368?
False
Is 33 a factor of 440?
False
Is 11 a factor of 1782?
True
Is 114342 a multiple of 103?
False
Is 772 even?
True
Is 15 a factor of 1095?
True
Is 98 a factor of 2058?
True
Does 24 divide 66936?
True
Is 2625 a multiple of 7?
True
Is 1749 a multiple of 53?
True
Is 1274 a multiple of 26?
True
Is 2705 a multiple of 56?
False
Is 6 a factor of 480?
True
Is 146 a multiple of 5?
False
Is 16352 a multiple of 112?
True
Is 5131 a multiple of 27?
False
Does 21 divide 1029?
True
Does 16 divide 48?
True
Is 7 a factor of 3080?
True
Is 229 a multiple of 2?
False
Is 60 a factor of 180?
True
Is 2480 a multiple of 62?
True
Is 46 a factor of 400?
False
Does 11 divide 2497?
True
Does 31 divide 30488?
False
Is 68 a multiple of 34?
True
Is 43 a factor of 10148?
True
Is 73128 a multiple of 35?
False
Does 11 divide 97?
False
Does 20 divide 1539?
False
Is 4 a factor of 10440?
True
Is 42120 a multiple of 15?
True
Is 83 a multiple of 2?
False
Does 27 divide 2801?
False
Is 3486 a multiple of 249?
True
Does 40 divide 320?
True
Does 48 divide 21643?
False
Does 202 divide 30838?
False
Is 44 a factor of 6701?
False
Does 24 divide 41631?
False
Does 7 divide 126?
True
Does 17 divide 13583?
True
Does 114 divide 4204?
False
Does 211 divide 31312?
False
Does 21 divide 2642?
False
Is 513 a multiple of 9?
True
Does 5 divide 375?
True
Is 48 a factor of 2736?
True
Is 32 a factor of 2752?
True
Is 14 a factor of 630?
True
Is 12384 a multiple of 24?
True
Is 6665 a multiple of 129?
False
Is 20 a factor of 12762?
False
Is 3561 a multiple of 6?
False
Is 11398 a multiple of 139?
True
Is 3 a factor of 496?
False
Does 9 divide 1953?
True
Does 4 divide 1445?
False
Does 9 divide 974?
False
Does 69 divide 8800?
False
Is 839 a multiple of 16?
False
Does 2 divide 1233?
False
Is 209 a factor of 8369?
False
Is 13 a factor of 156?
True
Is 183 a factor of 41724?
True
Does 349 divide 147354?
False
Is 18 a factor of 1296?
True
Does 13 divide 1694?
False
Is 2221 a multiple of 3?
False
Is 75378 a multiple of 51?
True
Is 15117 a multiple of 68?
False
Does 8 divide 3062?
False
Does 14 divide 448?
True
Is 35 a factor of 17716?
False
Does 71 divide 1207?
True
Does 10 divide 16330?
True
Does 82 divide 5754?
False
Does 41 divide 76465?
True
Is 37138 a multiple of 4?
False
Is 3016 a multiple of 58?
True
Is 29 a factor of 4180?
False
Is 24 a factor of 2184?
True
Is 5 a factor of 9425?
True
Is 3286 a multiple of 9?
False
Is 28315 a multiple of 35?
True
Is 8 a factor of 29581?
False
Is 229 a multiple of 25?
False
Is 27 a factor of 270?
True
Is 42 a factor of 569?
False
Is 9 a factor of 1570?
False
Is 32 a factor of 1408?
True
Is 2170 a multiple of 62?
True
Does 10 divide 692?
False
Does 19 divide 3239?
False
Does 131 divide 973?
False
Does 55 divide 4772?
False
Is 2190 a multiple of 18?
False
Does 91 divide 35129?
False
Does 26 divide 2249?
False
Does 3 divide 1619?
False
Is 1332 a multiple of 12?
True
Is 1446 a multiple of 51?
False
Is 13 a factor of 4875?
True
Is 3 a factor of 7077?
True
Does 38 divide 16834?
True
Is 50 a factor of 1000?
True
Is 177 a factor of 39294?
True
Is 11 a factor of 11521?
False
Is 53184 a multiple of 12?
True
Is 57217 a multiple of 32?
False
Is 10 a factor of 154?
False
Does 10 divide 3650?
True
Is 9 a factor of 886?
False
Is 21 a factor of 4855?
False
Is 7992 a multiple of 72?
True
Is 7465 a multiple of 27?
False
Does 84 divide 1260?
True
Does 26 divide 4056?
True
Is 32 a factor of 447?
False
Is 879 a multiple of 24?
False
Does 13 divide 182?
True
Is 13 a factor of 645?
False
Does 52 divide 1447?
False
Is 31 a factor of 1612?
True
Does 102 divide 49003?
False
Does 8 divide 4296?
True
Does 4 divide 2208?
True
Does 7 divide 12?
False
Does 105 divide 10679?
False
Does 2 divide 2486?
True
Is 2001 a multiple of 87?
True
Is 921 even?
False
Is 13 a factor of 92?
False
Is 115 a factor of 23230?
True
Does 6 divide 1122?
True
Is 2830 a multiple of 23?
False
Is 20 a factor of 68520?
True
Does 24 divide 1424?
False
Is 4875 a multiple of 39?
True
Does 12 divide 1038?
False
Does 46 divide 2529?
False
Is 130 a factor of 3837?
False
Is 152 a factor of 11704?
True
Is 1830 a multiple of 8?
False
Does 31 divide 1065?
False
Is 4852 a multiple of 63?
False
Does 20 divide 2679?
False
Does 17 divide 7055?
True
Does 2 divide 6529?
False
Does 98 divide 94374?
True
Is 737 a multiple of 67?
True
Is 17 a factor of 15725?
True
Is 118460 a multiple of 13?
False
Is 267 a multiple of 42?
False
Is 2085 a multiple of 13?
False
Does 10 divide 2480?
True
Is 1022 a multiple of 73?
True
Does 10 divide 3370?
True
Is 67 a factor of 8174?
True
Does 76 divide 1444?
True
Is 9759 a multi